ands digit of 456946?
6
What is the hundreds digit of 452815?
8
What is the hundred thousands digit of 6712496?
7
What is the tens digit of 8943733?
3
What is the millions digit of 18963139?
8
What is the hundreds digit of 100538?
5
What is the hundred thousands digit of 4120526?
1
What is the thousands digit of 9753751?
3
What is the hundred thousands digit of 135378?
1
What is the units digit of 895242?
2
What is the hundred thousands digit of 509162?
5
What is the hundred thousands digit of 562487?
5
What is the millions digit of 3662017?
3
What is the thousands digit of 955597?
5
What is the tens digit of 85113?
1
What is the ten thousands digit of 1741089?
4
What is the hundred thousands digit of 250994?
2
What is the units digit of 1387628?
8
What is the ten thousands digit of 6866848?
6
What is the units digit of 183955?
5
What is the tens digit of 28168568?
6
What is the ten thousands digit of 357282?
5
What is the hundreds digit of 28979664?
6
What is the units digit of 216749?
9
What is the tens digit of 1861326?
2
What is the thousands digit of 347577?
7
What is the thousands digit of 248023?
8
What is the hundred thousands digit of 267264?
2
What is the ten thousands digit of 137731?
3
What is the hundreds digit of 848866?
8
What is the tens digit of 5883568?
6
What is the hundred thousands digit of 665098?
6
What is the hundreds digit of 2187707?
7
What is the ten thousands digit of 11519445?
1
What is the tens digit of 5004250?
5
What is the thousands digit of 126495?
6
What is the thousands digit of 5734?
5
What is the ten thousands digit of 2637230?
3
What is the units digit of 456741?
1
What is the thousands digit of 5167583?
7
What is the hundred thousands digit of 23561090?
5
What is the tens digit of 1574493?
9
What is the hundreds digit of 458806?
8
What is the millions digit of 9522927?
9
What is the tens digit of 8230064?
6
What is the units digit of 13774293?
3
What is the tens digit of 52634?
3
What is the units digit of 52712?
2
What is the thousands digit of 2130997?
0
What is the thousands digit of 117979?
7
What is the units digit of 297423?
3
What is the thousands digit of 6329293?
9
What is the thousands digit of 307857?
7
What is the hundred thousands digit of 852493?
8
What is the ten thousands digit of 126598?
2
What is the thousands digit of 304517?
4
What is the thousands digit of 82832?
2
What is the units digit of 8420?
0
What is the thousands digit of 795892?
5
What is the tens digit of 453059?
5
What is the tens digit of 6714668?
6
What is the tens digit of 2843012?
1
What is the thousands digit of 1369992?
9
What is the hundreds digit of 393488?
4
What is the thousands digit of 214920?
4
What is the hundred thousands digit of 555684?
5
What is the ten thousands digit of 183762?
8
What is the thousands digit of 5303690?
3
What is the hundreds digit of 4750963?
9
What is the ten thousands digit of 817451?
1
What is the units digit of 245875?
5
What is the hundred thousands digit of 1092853?
0
What is the hundred thousands digit of 1175010?
1
What is the units digit of 4179248?
8
What is the units digit of 2327253?
3
What is the tens digit of 191149?
4
What is the ten thousands digit of 4652584?
5
What is the thousands digit of 25179104?
9
What is the hundreds digit of 126704?
7
What is the hundreds digit of 536433?
4
What is the hundred thousands digit of 3091837?
0
What is the hundreds digit of 4325073?
0
What is the ten thousands digit of 3674954?
7
What is the units digit of 763583?
3
What is the thousands digit of 1768952?
8
What is the units digit of 4592513?
3
What is the hundreds digit of 2675634?
6
What is the units digit of 272970?
0
What is the thousands digit of 991782?
1
What is the thousands digit of 1081696?
1
What is the hundreds digit of 245787?
7
What is the ten thousands digit of 216702?
1
What is the tens digit of 18795?
9
What is the units digit of 99394?
4
What is the tens digit of 763560?
6
What is the hundreds digit of 79579?
5
What is the tens digit of 27789078?
7
What is the ten millions digit of 24516238?
2
What is the tens digit of 211925?
2
What is the thousands digit of 43758?
3
What is the ten thousands digit of 1893933?
9
What is the units digit of 358816?
6
What is the ten thousands digit of 5298468?
9
What is the units digit of 301132?
2
What is the ten thousands digit of 313674?
1
What is the hundred thousands digit of 188015?
1
What is the ten thousands digit of 164637?
6
What is the thousands digit of 2294516?
4
What is the thousands digit of 198549?
8
What is the hundreds digit of 1335323?
3
What is the thousands digit of 9765?
9
What is the ten thousands digit of 3579036?
7
What is the units digit of 12875058?
8
What is the millions digit of 1203190?
1
What is the units digit of 5594096?
6
What is the ten thousands digit of 103456?
0
What is the ten thousands digit of 36843?
3
What is the hundred thousands digit of 134895?
1
What is the hundreds digit of 26099949?
9
What is the ten thousands digit of 1231865?
3
What is the ten thousands digit of 17675?
1
What is the hundred thousands digit of 1396275?
3
What is the ten thousands digit of 2017727?
1
What is the tens digit of 48219?
1
What is the hundreds digit of 682195?
1
What is the hundreds digit of 6633989?
9
What is the ten millions digit of 21336249?
2
What is the units digit of 295060?
0
What is the hundreds digit of 351498?
4
What is the hundred thousands digit of 719567?
7
What is the millions digit of 6243827?
6
What is the hundred thousands digit of 2350498?
3
What is the units digit of 7836601?
1
What is the hundred thousands digit of 4964497?
9
What is the tens digit of 2752?
5
What is the millions digit of 11283547?
1
What is the ten thousands digit of 2909126?
0
What is the millions digit of 1670392?
1
What is the units digit of 14147486?
6
What is the tens digit of 593644?
4
What is the units digit of 118113?
3
What is the units digit of 13122981?
1
What is the hundred thousands digit of 542463?
5
What is the millions digit of 4962767?
4
What is the thousands digit of 2987216?
7
What is the units digit of 179359?
9
What is the units digit of 18472?
2
What is the ten thousands digit of 200283?
0
What is the units digit of 1872356?
6
What is the tens digit of 3902393?
9
What is the units digit of 194008?
8
What is the hundred thousands digit of 936512?
9
What is the units digit of 1210912?
2
What is the hundred thousands digit of 1875689?
8
What is the millions digit of 1679310?
1
What is the hundreds digit of 669586?
5
What is the ten thousands digit of 19920207?
2
What is the thousands digit of 770597?
0
What is the hundreds digit of 22445273?
2
What is the ten thousands digit of 71580?
7
What is the tens digit of 931739?
3
What is the thousands digit of 1247036?
7
What is the ten thousands digit of 10933968?
3
What is the hundreds digit of 8311322?
3
What is the millions digit of 4377004?
4
What is the ten millions digit of 12785390?
1
What is the millions digit of 5466002?
5
What is the tens digit of 173157?
5
What is the millions digit of 27180656?
7
What is the units digit of 2652314?
4
What is the ten millions digit of 13460324?
1
What is the hundred thousands digit of 13988634?
9
What is the hundreds digit of 229415?
4
What is the ten thousands digit of 199069?
9
What is the millions digit of 1738757?
1
What is the millions digit of 8524104?
8
What is the tens digit of 10497505?
0
What is the hundred thousands digit of 9975282?
9
What is the hundreds digit of 2142460?
4
What is the tens digit of 3509?
0
What is the thousands digit of 946207?
6
What is the hundred thousands digit of 315341?
3
What is the hundred thousands digit of 705449?
7
What is the ten millions digit of 11455036?
1
What is the ten thousands digit of 198009?
9
What is the hundred thousands digit of 8206699?
2
What is the hundreds digit of 444564?
5
What is the millions digit of 6280849?
6
What is the thousands digit of 7008609?
8
What is the units digit of 1237219?
9
What is the ten thousands digit of 2945428?
4
What is the hundreds digit of 29833334?
3
What is the hundreds digit of 4786847?
8
What is the hundreds digit of 18251336?
3
What is the hundreds digit of 1514041?
0
What is the hundreds digit of 38773?
7
What is th